{"id":126,"date":"2026-01-08T13:28:29","date_gmt":"2026-01-08T13:28:29","guid":{"rendered":"https:\/\/claude-place.fr\/?page_id=126"},"modified":"2026-04-05T15:19:56","modified_gmt":"2026-04-05T15:19:56","slug":"artsemblage","status":"publish","type":"page","link":"https:\/\/claude-place.fr\/?page_id=126","title":{"rendered":"ART&rsquo;SEMBLAGE"},"content":{"rendered":"\n<hr class=\"wp-block-separator has-alpha-channel-opacity\"\/>\n\n\n\n<p>Suite \u00e0 la r\u00e9alisation d&rsquo; \u00e9missions d&rsquo;ART BRUT, je m\u2019oriente vers l\u2019<a href=\"https:\/\/claude-place.fr\/?page_id=126\"><strong>ART\u2019SEMBLAGE<\/strong> <\/a>ou <strong>collage en volume avec des objets de r\u00e9cup\u00e9ration<\/strong> et vous vous souvenez des t\u00eates de poup\u00e9es achet\u00e9es \u00e0 la vieille femme p\u00e9ruvienne lors de mon retour en France\u00a0: elles r\u00e9apparaissent soudain au milieu de beaucoup d\u2019autres objets r\u00e9cup\u00e9r\u00e9s depuis pour alimenter le stock\u00a0!<\/p>\n\n\n\n<figure class=\"wp-block-gallery has-nested-images columns-default is-cropped wp-block-gallery-1 is-layout-flex wp-block-gallery-is-layout-flex\">\n<figure class=\"wp-block-image size-large\"><img loading=\"lazy\" decoding=\"async\" width=\"607\" height=\"1024\" data-id=\"1790\" src=\"https:\/\/claude-place.fr\/wp-content\/uploads\/2026\/04\/ARTSEMBLAGE-607x1024.jpg\" alt=\"\" class=\"wp-image-1790\" srcset=\"https:\/\/claude-place.fr\/wp-content\/uploads\/2026\/04\/ARTSEMBLAGE-607x1024.jpg 607w, https:\/\/claude-place.fr\/wp-content\/uploads\/2026\/04\/ARTSEMBLAGE-178x300.jpg 178w, https:\/\/claude-place.fr\/wp-content\/uploads\/2026\/04\/ARTSEMBLAGE-768x1296.jpg 768w, https:\/\/claude-place.fr\/wp-content\/uploads\/2026\/04\/ARTSEMBLAGE-910x1536.jpg 910w, https:\/\/claude-place.fr\/wp-content\/uploads\/2026\/04\/ARTSEMBLAGE.jpg 1024w\" sizes=\"auto, (max-width: 607px) 100vw, 607px\" \/><\/figure>\n\n\n\n<figure class=\"wp-block-image size-large\"><img loading=\"lazy\" decoding=\"async\" width=\"768\" height=\"1024\" data-id=\"1789\" src=\"https:\/\/claude-place.fr\/wp-content\/uploads\/2026\/04\/ARTSEMBLAGE-20-rotated.jpg\" alt=\"\" class=\"wp-image-1789\" srcset=\"https:\/\/claude-place.fr\/wp-content\/uploads\/2026\/04\/ARTSEMBLAGE-20-rotated.jpg 768w, https:\/\/claude-place.fr\/wp-content\/uploads\/2026\/04\/ARTSEMBLAGE-20-225x300.jpg 225w\" sizes=\"auto, (max-width: 768px) 100vw, 768px\" \/><\/figure>\n\n\n\n<figure class=\"wp-block-image size-large\"><img loading=\"lazy\" decoding=\"async\" width=\"891\" height=\"1024\" data-id=\"1788\" src=\"https:\/\/claude-place.fr\/wp-content\/uploads\/2026\/04\/ARTSEMBLAGE-19-891x1024.jpg\" alt=\"\" class=\"wp-image-1788\" srcset=\"https:\/\/claude-place.fr\/wp-content\/uploads\/2026\/04\/ARTSEMBLAGE-19-891x1024.jpg 891w, https:\/\/claude-place.fr\/wp-content\/uploads\/2026\/04\/ARTSEMBLAGE-19-261x300.jpg 261w, https:\/\/claude-place.fr\/wp-content\/uploads\/2026\/04\/ARTSEMBLAGE-19-768x883.jpg 768w, https:\/\/claude-place.fr\/wp-content\/uploads\/2026\/04\/ARTSEMBLAGE-19.jpg 1024w\" sizes=\"auto, (max-width: 891px) 100vw, 891px\" \/><\/figure>\n\n\n\n<figure class=\"wp-block-image size-large\"><img loading=\"lazy\" decoding=\"async\" width=\"1024\" height=\"768\" data-id=\"1787\" src=\"https:\/\/claude-place.fr\/wp-content\/uploads\/2026\/04\/ARTSEMBLAGE-18.jpg\" alt=\"\" class=\"wp-image-1787\" srcset=\"https:\/\/claude-place.fr\/wp-content\/uploads\/2026\/04\/ARTSEMBLAGE-18.jpg 1024w, https:\/\/claude-place.fr\/wp-content\/uploads\/2026\/04\/ARTSEMBLAGE-18-300x225.jpg 300w, https:\/\/claude-place.fr\/wp-content\/uploads\/2026\/04\/ARTSEMBLAGE-18-768x576.jpg 768w\" sizes=\"auto, (max-width: 1024px) 100vw, 1024px\" \/><\/figure>\n\n\n\n<figure class=\"wp-block-image size-large\"><img loading=\"lazy\" decoding=\"async\" width=\"759\" height=\"1024\" data-id=\"1786\" src=\"https:\/\/claude-place.fr\/wp-content\/uploads\/2026\/04\/ARTSEMBLAGE-17-759x1024.jpg\" alt=\"\" class=\"wp-image-1786\" srcset=\"https:\/\/claude-place.fr\/wp-content\/uploads\/2026\/04\/ARTSEMBLAGE-17-759x1024.jpg 759w, https:\/\/claude-place.fr\/wp-content\/uploads\/2026\/04\/ARTSEMBLAGE-17-222x300.jpg 222w, https:\/\/claude-place.fr\/wp-content\/uploads\/2026\/04\/ARTSEMBLAGE-17-768x1037.jpg 768w, https:\/\/claude-place.fr\/wp-content\/uploads\/2026\/04\/ARTSEMBLAGE-17.jpg 1024w\" sizes=\"auto, (max-width: 759px) 100vw, 759px\" \/><\/figure>\n\n\n\n<figure class=\"wp-block-image size-large\"><img loading=\"lazy\" decoding=\"async\" width=\"1024\" height=\"768\" data-id=\"1785\" src=\"https:\/\/claude-place.fr\/wp-content\/uploads\/2026\/04\/ARTSEMBLAGE-16.jpg\" alt=\"\" class=\"wp-image-1785\" srcset=\"https:\/\/claude-place.fr\/wp-content\/uploads\/2026\/04\/ARTSEMBLAGE-16.jpg 1024w, https:\/\/claude-place.fr\/wp-content\/uploads\/2026\/04\/ARTSEMBLAGE-16-300x225.jpg 300w, https:\/\/claude-place.fr\/wp-content\/uploads\/2026\/04\/ARTSEMBLAGE-16-768x576.jpg 768w\" sizes=\"auto, (max-width: 1024px) 100vw, 1024px\" \/><\/figure>\n\n\n\n<figure class=\"wp-block-image size-large\"><img loading=\"lazy\" decoding=\"async\" width=\"1024\" height=\"768\" data-id=\"1784\" src=\"https:\/\/claude-place.fr\/wp-content\/uploads\/2026\/04\/ARTSEMBLAGE-15.jpg\" alt=\"\" class=\"wp-image-1784\" srcset=\"https:\/\/claude-place.fr\/wp-content\/uploads\/2026\/04\/ARTSEMBLAGE-15.jpg 1024w, https:\/\/claude-place.fr\/wp-content\/uploads\/2026\/04\/ARTSEMBLAGE-15-300x225.jpg 300w, https:\/\/claude-place.fr\/wp-content\/uploads\/2026\/04\/ARTSEMBLAGE-15-768x576.jpg 768w\" sizes=\"auto, (max-width: 1024px) 100vw, 1024px\" \/><\/figure>\n\n\n\n<figure class=\"wp-block-image size-large\"><img loading=\"lazy\" decoding=\"async\" width=\"1024\" height=\"768\" data-id=\"1783\" src=\"https:\/\/claude-place.fr\/wp-content\/uploads\/2026\/04\/ARTSEMBLAGE-14.jpg\" alt=\"\" class=\"wp-image-1783\" srcset=\"https:\/\/claude-place.fr\/wp-content\/uploads\/2026\/04\/ARTSEMBLAGE-14.jpg 1024w, https:\/\/claude-place.fr\/wp-content\/uploads\/2026\/04\/ARTSEMBLAGE-14-300x225.jpg 300w, https:\/\/claude-place.fr\/wp-content\/uploads\/2026\/04\/ARTSEMBLAGE-14-768x576.jpg 768w\" sizes=\"auto, (max-width: 1024px) 100vw, 1024px\" \/><\/figure>\n\n\n\n<figure class=\"wp-block-image size-large\"><img loading=\"lazy\" decoding=\"async\" width=\"1024\" height=\"768\" data-id=\"1782\" src=\"https:\/\/claude-place.fr\/wp-content\/uploads\/2026\/04\/ARTSEMBLAGE-13.jpg\" alt=\"\" class=\"wp-image-1782\" srcset=\"https:\/\/claude-place.fr\/wp-content\/uploads\/2026\/04\/ARTSEMBLAGE-13.jpg 1024w, https:\/\/claude-place.fr\/wp-content\/uploads\/2026\/04\/ARTSEMBLAGE-13-300x225.jpg 300w, https:\/\/claude-place.fr\/wp-content\/uploads\/2026\/04\/ARTSEMBLAGE-13-768x576.jpg 768w\" sizes=\"auto, (max-width: 1024px) 100vw, 1024px\" \/><\/figure>\n\n\n\n<figure class=\"wp-block-image size-large\"><img loading=\"lazy\" decoding=\"async\" width=\"1024\" height=\"768\" data-id=\"1781\" src=\"https:\/\/claude-place.fr\/wp-content\/uploads\/2026\/04\/ARTSEMBLAGE-12.jpg\" alt=\"\" class=\"wp-image-1781\" srcset=\"https:\/\/claude-place.fr\/wp-content\/uploads\/2026\/04\/ARTSEMBLAGE-12.jpg 1024w, https:\/\/claude-place.fr\/wp-content\/uploads\/2026\/04\/ARTSEMBLAGE-12-300x225.jpg 300w, https:\/\/claude-place.fr\/wp-content\/uploads\/2026\/04\/ARTSEMBLAGE-12-768x576.jpg 768w\" sizes=\"auto, (max-width: 1024px) 100vw, 1024px\" \/><\/figure>\n\n\n\n<figure class=\"wp-block-image size-large\"><img loading=\"lazy\" decoding=\"async\" width=\"768\" height=\"1024\" data-id=\"1780\" src=\"https:\/\/claude-place.fr\/wp-content\/uploads\/2026\/04\/ARTSEMBLAGE-11-768x1024.jpg\" alt=\"\" class=\"wp-image-1780\" srcset=\"https:\/\/claude-place.fr\/wp-content\/uploads\/2026\/04\/ARTSEMBLAGE-11-768x1024.jpg 768w, https:\/\/claude-place.fr\/wp-content\/uploads\/2026\/04\/ARTSEMBLAGE-11-225x300.jpg 225w, https:\/\/claude-place.fr\/wp-content\/uploads\/2026\/04\/ARTSEMBLAGE-11.jpg 1024w\" sizes=\"auto, (max-width: 768px) 100vw, 768px\" \/><\/figure>\n\n\n\n<figure class=\"wp-block-image size-large\"><img loading=\"lazy\" decoding=\"async\" width=\"1024\" height=\"768\" data-id=\"1779\" src=\"https:\/\/claude-place.fr\/wp-content\/uploads\/2026\/04\/ARTSEMBLAGE-10.jpg\" alt=\"\" class=\"wp-image-1779\" srcset=\"https:\/\/claude-place.fr\/wp-content\/uploads\/2026\/04\/ARTSEMBLAGE-10.jpg 1024w, https:\/\/claude-place.fr\/wp-content\/uploads\/2026\/04\/ARTSEMBLAGE-10-300x225.jpg 300w, https:\/\/claude-place.fr\/wp-content\/uploads\/2026\/04\/ARTSEMBLAGE-10-768x576.jpg 768w\" sizes=\"auto, (max-width: 1024px) 100vw, 1024px\" \/><\/figure>\n\n\n\n<figure class=\"wp-block-image size-large\"><img loading=\"lazy\" decoding=\"async\" width=\"768\" height=\"1024\" data-id=\"1778\" src=\"https:\/\/claude-place.fr\/wp-content\/uploads\/2026\/04\/ARTSEMBLAGE-9-rotated.jpg\" alt=\"\" class=\"wp-image-1778\" srcset=\"https:\/\/claude-place.fr\/wp-content\/uploads\/2026\/04\/ARTSEMBLAGE-9-rotated.jpg 768w, https:\/\/claude-place.fr\/wp-content\/uploads\/2026\/04\/ARTSEMBLAGE-9-225x300.jpg 225w\" sizes=\"auto, (max-width: 768px) 100vw, 768px\" \/><\/figure>\n\n\n\n<figure class=\"wp-block-image size-large\"><img loading=\"lazy\" decoding=\"async\" width=\"768\" height=\"1024\" data-id=\"1777\" src=\"https:\/\/claude-place.fr\/wp-content\/uploads\/2026\/04\/ARTSEMBLAGE-8-rotated.jpg\" alt=\"\" class=\"wp-image-1777\" srcset=\"https:\/\/claude-place.fr\/wp-content\/uploads\/2026\/04\/ARTSEMBLAGE-8-rotated.jpg 768w, https:\/\/claude-place.fr\/wp-content\/uploads\/2026\/04\/ARTSEMBLAGE-8-225x300.jpg 225w\" sizes=\"auto, (max-width: 768px) 100vw, 768px\" \/><\/figure>\n\n\n\n<figure class=\"wp-block-image size-large\"><img loading=\"lazy\" decoding=\"async\" width=\"1024\" height=\"768\" data-id=\"1776\" src=\"https:\/\/claude-place.fr\/wp-content\/uploads\/2026\/04\/ARTSEMBLAGE-7.jpg\" alt=\"\" class=\"wp-image-1776\" srcset=\"https:\/\/claude-place.fr\/wp-content\/uploads\/2026\/04\/ARTSEMBLAGE-7.jpg 1024w, https:\/\/claude-place.fr\/wp-content\/uploads\/2026\/04\/ARTSEMBLAGE-7-300x225.jpg 300w, https:\/\/claude-place.fr\/wp-content\/uploads\/2026\/04\/ARTSEMBLAGE-7-768x576.jpg 768w\" sizes=\"auto, (max-width: 1024px) 100vw, 1024px\" \/><\/figure>\n\n\n\n<figure class=\"wp-block-image size-large\"><img loading=\"lazy\" decoding=\"async\" width=\"1024\" height=\"982\" data-id=\"1775\" src=\"https:\/\/claude-place.fr\/wp-content\/uploads\/2026\/04\/ARTSEMBLAGE-6.jpg\" alt=\"\" class=\"wp-image-1775\" srcset=\"https:\/\/claude-place.fr\/wp-content\/uploads\/2026\/04\/ARTSEMBLAGE-6.jpg 1024w, https:\/\/claude-place.fr\/wp-content\/uploads\/2026\/04\/ARTSEMBLAGE-6-300x288.jpg 300w, https:\/\/claude-place.fr\/wp-content\/uploads\/2026\/04\/ARTSEMBLAGE-6-768x737.jpg 768w\" sizes=\"auto, (max-width: 1024px) 100vw, 1024px\" \/><\/figure>\n\n\n\n<figure class=\"wp-block-image size-large\"><img decoding=\"async\" data-id=\"1774\" src=\"https:\/\/claude-place.fr\/wp-content\/uploads\/2026\/04\/ARTSEMBLAGE-5.jpg\" alt=\"\" class=\"wp-image-1774\"\/><\/figure>\n\n\n\n<figure class=\"wp-block-image size-large\"><img loading=\"lazy\" decoding=\"async\" width=\"1024\" height=\"790\" data-id=\"1773\" src=\"https:\/\/claude-place.fr\/wp-content\/uploads\/2026\/04\/ARTSEMBLAGE-4.jpg\" alt=\"\" class=\"wp-image-1773\" srcset=\"https:\/\/claude-place.fr\/wp-content\/uploads\/2026\/04\/ARTSEMBLAGE-4.jpg 1024w, https:\/\/claude-place.fr\/wp-content\/uploads\/2026\/04\/ARTSEMBLAGE-4-300x231.jpg 300w, https:\/\/claude-place.fr\/wp-content\/uploads\/2026\/04\/ARTSEMBLAGE-4-768x593.jpg 768w\" sizes=\"auto, (max-width: 1024px) 100vw, 1024px\" \/><\/figure>\n\n\n\n<figure class=\"wp-block-image size-large\"><img loading=\"lazy\" decoding=\"async\" width=\"1024\" height=\"1024\" data-id=\"1772\" src=\"https:\/\/claude-place.fr\/wp-content\/uploads\/2026\/04\/ARTSEMBLAGE-3-rotated.jpg\" alt=\"\" class=\"wp-image-1772\" srcset=\"https:\/\/claude-place.fr\/wp-content\/uploads\/2026\/04\/ARTSEMBLAGE-3-rotated.jpg 1024w, https:\/\/claude-place.fr\/wp-content\/uploads\/2026\/04\/ARTSEMBLAGE-3-300x300.jpg 300w, https:\/\/claude-place.fr\/wp-content\/uploads\/2026\/04\/ARTSEMBLAGE-3-150x150.jpg 150w, https:\/\/claude-place.fr\/wp-content\/uploads\/2026\/04\/ARTSEMBLAGE-3-768x768.jpg 768w\" sizes=\"auto, (max-width: 1024px) 100vw, 1024px\" \/><\/figure>\n\n\n\n<figure class=\"wp-block-image size-large\"><img loading=\"lazy\" decoding=\"async\" width=\"444\" height=\"1024\" data-id=\"1770\" src=\"https:\/\/claude-place.fr\/wp-content\/uploads\/2026\/04\/ARTSEMBLAGE-1-444x1024.jpg\" alt=\"\" class=\"wp-image-1770\" srcset=\"https:\/\/claude-place.fr\/wp-content\/uploads\/2026\/04\/ARTSEMBLAGE-1-444x1024.jpg 444w, https:\/\/claude-place.fr\/wp-content\/uploads\/2026\/04\/ARTSEMBLAGE-1-130x300.jpg 130w, https:\/\/claude-place.fr\/wp-content\/uploads\/2026\/04\/ARTSEMBLAGE-1-768x1770.jpg 768w, https:\/\/claude-place.fr\/wp-content\/uploads\/2026\/04\/ARTSEMBLAGE-1-666x1536.jpg 666w, https:\/\/claude-place.fr\/wp-content\/uploads\/2026\/04\/ARTSEMBLAGE-1-889x2048.jpg 889w, https:\/\/claude-place.fr\/wp-content\/uploads\/2026\/04\/ARTSEMBLAGE-1.jpg 1024w\" sizes=\"auto, (max-width: 444px) 100vw, 444px\" \/><\/figure>\n\n\n\n<figure class=\"wp-block-image size-large\"><img loading=\"lazy\" decoding=\"async\" width=\"1024\" height=\"704\" data-id=\"1769\" src=\"https:\/\/claude-place.fr\/wp-content\/uploads\/2026\/04\/14-juillet-1024x704.jpg\" alt=\"\" class=\"wp-image-1769\" srcset=\"https:\/\/claude-place.fr\/wp-content\/uploads\/2026\/04\/14-juillet-1024x704.jpg 1024w, https:\/\/claude-place.fr\/wp-content\/uploads\/2026\/04\/14-juillet-300x206.jpg 300w, https:\/\/claude-place.fr\/wp-content\/uploads\/2026\/04\/14-juillet-768x528.jpg 768w, https:\/\/claude-place.fr\/wp-content\/uploads\/2026\/04\/14-juillet-1536x1056.jpg 1536w, https:\/\/claude-place.fr\/wp-content\/uploads\/2026\/04\/14-juillet-2048x1407.jpg 2048w\" sizes=\"auto, (max-width: 1024px) 100vw, 1024px\" \/><\/figure>\n\n\n\n<figure class=\"wp-block-image size-large\"><img loading=\"lazy\" decoding=\"async\" width=\"1024\" height=\"886\" data-id=\"1768\" src=\"https:\/\/claude-place.fr\/wp-content\/uploads\/2026\/04\/14-JUILLET-ATELIER.jpg\" alt=\"\" class=\"wp-image-1768\" srcset=\"https:\/\/claude-place.fr\/wp-content\/uploads\/2026\/04\/14-JUILLET-ATELIER.jpg 1024w, https:\/\/claude-place.fr\/wp-content\/uploads\/2026\/04\/14-JUILLET-ATELIER-300x260.jpg 300w, https:\/\/claude-place.fr\/wp-content\/uploads\/2026\/04\/14-JUILLET-ATELIER-768x665.jpg 768w\" sizes=\"auto, (max-width: 1024px) 100vw, 1024px\" \/><\/figure>\n<\/figure>\n\n\n\n<figure class=\"wp-block-image size-large\"><img loading=\"lazy\" decoding=\"async\" width=\"768\" height=\"1024\" src=\"https:\/\/claude-place.fr\/wp-content\/uploads\/2026\/04\/ARTSEMBLAGE-2-rotated.jpg\" alt=\"\" class=\"wp-image-1771\" srcset=\"https:\/\/claude-place.fr\/wp-content\/uploads\/2026\/04\/ARTSEMBLAGE-2-rotated.jpg 768w, https:\/\/claude-place.fr\/wp-content\/uploads\/2026\/04\/ARTSEMBLAGE-2-225x300.jpg 225w\" sizes=\"auto, (max-width: 768px) 100vw, 768px\" \/><\/figure>\n","protected":false},"excerpt":{"rendered":"<p>Suite \u00e0 la r\u00e9alisation d&rsquo; \u00e9missions d&rsquo;ART BRUT, je m\u2019oriente vers l\u2019ART\u2019SEMBLAGE ou collage en volume avec des objets de r\u00e9cup\u00e9ration et vous vous souvenez des t\u00eates de poup\u00e9es achet\u00e9es \u00e0 la vieille femme p\u00e9ruvienne lors de mon retour en France\u00a0: elles r\u00e9apparaissent soudain au milieu de beaucoup d\u2019autres objets r\u00e9cup\u00e9r\u00e9s depuis pour alimenter le [&hellip;]<\/p>\n","protected":false},"author":1,"featured_media":0,"parent":0,"menu_order":0,"comment_status":"closed","ping_status":"closed","template":"","meta":{"footnotes":""},"class_list":["post-126","page","type-page","status-publish","hentry"],"_links":{"self":[{"href":"https:\/\/claude-place.fr\/index.php?rest_route=\/wp\/v2\/pages\/126","targetHints":{"allow":["GET"]}}],"collection":[{"href":"https:\/\/claude-place.fr\/index.php?rest_route=\/wp\/v2\/pages"}],"about":[{"href":"https:\/\/claude-place.fr\/index.php?rest_route=\/wp\/v2\/types\/page"}],"author":[{"embeddable":true,"href":"https:\/\/claude-place.fr\/index.php?rest_route=\/wp\/v2\/users\/1"}],"replies":[{"embeddable":true,"href":"https:\/\/claude-place.fr\/index.php?rest_route=%2Fwp%2Fv2%2Fcomments&post=126"}],"version-history":[{"count":8,"href":"https:\/\/claude-place.fr\/index.php?rest_route=\/wp\/v2\/pages\/126\/revisions"}],"predecessor-version":[{"id":1810,"href":"https:\/\/claude-place.fr\/index.php?rest_route=\/wp\/v2\/pages\/126\/revisions\/1810"}],"wp:attachment":[{"href":"https:\/\/claude-place.fr\/index.php?rest_route=%2Fwp%2Fv2%2Fmedia&parent=126"}],"curies":[{"name":"wp","href":"https:\/\/api.w.org\/{rel}","templated":true}]}}